{"id":12341,"date":"2024-06-19T10:44:14","date_gmt":"2024-06-19T10:44:14","guid":{"rendered":"http:\/\/2023.marcsinan.de\/event\/sinan-bueyuekberber-duo-5\/"},"modified":"2024-06-19T10:44:14","modified_gmt":"2024-06-19T10:44:14","slug":"sinan-bueyuekberber-duo-5","status":"publish","type":"tribe_events","link":"https:\/\/marcsinan.de\/en\/event\/sinan-bueyuekberber-duo-5\/","title":{"rendered":"Sinan\/B\u00fcy\u00fckberber Duo"},"content":{"rendered":"<p>Marc Sinan Oguz B\u00fcy\u00fckberber<\/p>\n","protected":false},"excerpt":{"rendered":"<p>Marc Sinan Oguz B\u00fcy\u00fckberber<\/p>\n","protected":false},"author":3,"featured_media":0,"template":"","meta":{"_acf_changed":false,"_tribe_events_status":"","_tribe_events_status_reason":"","footnotes":""},"tags":[],"tribe_events_cat":[93],"class_list":["post-12341","tribe_events","type-tribe_events","status-publish","hentry","tribe_events_cat-concert","cat_concert"],"acf":[],"aioseo_notices":[],"_links":{"self":[{"href":"https:\/\/marcsinan.de\/en\/wp-json\/wp\/v2\/tribe_events\/12341","targetHints":{"allow":["GET"]}}],"collection":[{"href":"https:\/\/marcsinan.de\/en\/wp-json\/wp\/v2\/tribe_events"}],"about":[{"href":"https:\/\/marcsinan.de\/en\/wp-json\/wp\/v2\/types\/tribe_events"}],"author":[{"embeddable":true,"href":"https:\/\/marcsinan.de\/en\/wp-json\/wp\/v2\/users\/3"}],"version-history":[{"count":0,"href":"https:\/\/marcsinan.de\/en\/wp-json\/wp\/v2\/tribe_events\/12341\/revisions"}],"wp:attachment":[{"href":"https:\/\/marcsinan.de\/en\/wp-json\/wp\/v2\/media?parent=12341"}],"wp:term":[{"taxonomy":"post_tag","embeddable":true,"href":"https:\/\/marcsinan.de\/en\/wp-json\/wp\/v2\/tags?post=12341"},{"taxonomy":"tribe_events_cat","embeddable":true,"href":"https:\/\/marcsinan.de\/en\/wp-json\/wp\/v2\/tribe_events_cat?post=12341"}],"curies":[{"name":"wp","href":"https:\/\/api.w.org\/{rel}","templated":true}]}}

Sinan/Büyükberber Duo

<p>Marc Sinan Oguz Büyükberber</p>
