{"id":12396,"date":"2024-06-19T10:42:28","date_gmt":"2024-06-19T10:42:28","guid":{"rendered":"http:\/\/2023.marcsinan.de\/event\/hasretim-an-anatolian-journey-2\/"},"modified":"2024-06-19T10:42:28","modified_gmt":"2024-06-19T10:42:28","slug":"hasretim-an-anatolian-journey-2","status":"publish","type":"tribe_events","link":"https:\/\/marcsinan.de\/en\/event\/hasretim-an-anatolian-journey-2\/","title":{"rendered":"HASRET\u0130M &#8211; an Anatolian journey"},"content":{"rendered":"<p>a transcultural concert with O\u011fuz B\u00fcy\u00fckberber Daniel Eichholz Gunnhildur Einarsdottir Anil Eraslan Miako Klein Meinrad Kneer Marc Sinan Derya Y\u0131ld\u0131r\u0131m<\/p>\n","protected":false},"excerpt":{"rendered":"<p>a transcultural concert with O\u011fuz B\u00fcy\u00fckberber Daniel Eichholz Gunnhildur Einarsdottir Anil Eraslan Miako Klein Meinrad Kneer Marc Sinan Derya Y\u0131ld\u0131r\u0131m<\/p>\n","protected":false},"author":3,"featured_media":0,"template":"","meta":{"_acf_changed":false,"_tribe_events_status":"","_tribe_events_status_reason":"","footnotes":""},"tags":[],"tribe_events_cat":[93],"class_list":["post-12396","tribe_events","type-tribe_events","status-publish","hentry","tribe_events_cat-concert","cat_concert"],"acf":[],"aioseo_notices":[],"_links":{"self":[{"href":"https:\/\/marcsinan.de\/en\/wp-json\/wp\/v2\/tribe_events\/12396","targetHints":{"allow":["GET"]}}],"collection":[{"href":"https:\/\/marcsinan.de\/en\/wp-json\/wp\/v2\/tribe_events"}],"about":[{"href":"https:\/\/marcsinan.de\/en\/wp-json\/wp\/v2\/types\/tribe_events"}],"author":[{"embeddable":true,"href":"https:\/\/marcsinan.de\/en\/wp-json\/wp\/v2\/users\/3"}],"version-history":[{"count":0,"href":"https:\/\/marcsinan.de\/en\/wp-json\/wp\/v2\/tribe_events\/12396\/revisions"}],"wp:attachment":[{"href":"https:\/\/marcsinan.de\/en\/wp-json\/wp\/v2\/media?parent=12396"}],"wp:term":[{"taxonomy":"post_tag","embeddable":true,"href":"https:\/\/marcsinan.de\/en\/wp-json\/wp\/v2\/tags?post=12396"},{"taxonomy":"tribe_events_cat","embeddable":true,"href":"https:\/\/marcsinan.de\/en\/wp-json\/wp\/v2\/tribe_events_cat?post=12396"}],"curies":[{"name":"wp","href":"https:\/\/api.w.org\/{rel}","templated":true}]}}

HASRETİM &#8211; an Anatolian journey

<p>a transcultural concert with Oğuz Büyükberber Daniel Eichholz Gunnhildur Einarsdottir Anil Eraslan Miako Klein Meinrad Kneer Marc Sinan Derya Yıldırım</p>
